er when 3197 is divided by 6.
5
Calculate the remainder when 1487 is divided by 495.
2
What is the remainder when 945 is divided by 86?
85
What is the remainder when 133 is divided by 45?
43
What is the remainder when 329 is divided by 36?
5
Calculate the remainder when 508 is divided by 51.
49
Calculate the remainder when 2650 is divided by 78.
76
What is the remainder when 214 is divided by 63?
25
What is the remainder when 265 is divided by 38?
37
What is the remainder when 466 is divided by 94?
90
What is the remainder when 55 is divided by 41?
14
What is the remainder when 55 is divided by 30?
25
What is the remainder when 311 is divided by 110?
91
What is the remainder when 36555 is divided by 13?
12
Calculate the remainder when 3063 is divided by 14.
11
What is the remainder when 360 is divided by 121?
118
Calculate the remainder when 42 is divided by 3.
0
Calculate the remainder when 3610 is divided by 14.
12
Calculate the remainder when 4319 is divided by 216.
215
Calculate the remainder when 195 is divided by 71.
53
Calculate the remainder when 150 is divided by 26.
20
What is the remainder when 219 is divided by 70?
9
What is the remainder when 336 is divided by 94?
54
Calculate the remainder when 796 is divided by 7.
5
What is the remainder when 493 is divided by 62?
59
Calculate the remainder when 125 is divided by 18.
17
What is the remainder when 280 is divided by 69?
4
What is the remainder when 751 is divided by 81?
22
Calculate the remainder when 275 is divided by 68.
3
Calculate the remainder when 179 is divided by 24.
11
Calculate the remainder when 956 is divided by 12.
8
What is the remainder when 12093 is divided by 108?
105
What is the remainder when 2153 is divided by 98?
95
Calculate the remainder when 3590 is divided by 25.
15
What is the remainder when 427 is divided by 27?
22
What is the remainder when 432 is divided by 87?
84
What is the remainder when 458 is divided by 125?
83
Calculate the remainder when 3958 is divided by 180.
178
What is the remainder when 237 is divided by 60?
57
Calculate the remainder when 3689 is divided by 74.
63
What is the remainder when 1183 is divided by 1179?
4
What is the remainder when 106 is divided by 16?
10
Calculate the remainder when 5838 is divided by 833.
7
Calculate the remainder when 101 is divided by 28.
17
What is the remainder when 97 is divided by 12?
1
Calculate the remainder when 1214 is divided by 91.
31
What is the remainder when 55 is divided by 26?
3
Calculate the remainder when 162 is divided by 67.
28
What is the remainder when 726 is divided by 105?
96
Calculate the remainder when 85 is divided by 63.
22
Calculate the remainder when 12165 is divided by 78.
75
What is the remainder when 207 is divided by 83?
41
Calculate the remainder when 15775 is divided by 367.
361
What is the remainder when 89 is divided by 33?
23
Calculate the remainder when 129 is divided by 102.
27
What is the remainder when 58 is divided by 22?
14
What is the remainder when 24014 is divided by 38?
36
Calculate the remainder when 349 is divided by 16.
13
Calculate the remainder when 1208 is divided by 24.
8
What is the remainder when 2372 is divided by 170?
162
What is the remainder when 72 is divided by 37?
35
Calculate the remainder when 2082 is divided by 15.
12
What is the remainder when 318 is divided by 18?
12
Calculate the remainder when 959 is divided by 23.
16
What is the remainder when 2390 is divided by 151?
125
Calculate the remainder when 268 is divided by 183.
85
What is the remainder when 944 is divided by 63?
62
What is the remainder when 98 is divided by 43?
12
What is the remainder when 98 is divided by 16?
2
What is the remainder when 265 is divided by 131?
3
Calculate the remainder when 51 is divided by 6.
3
Calculate the remainder when 635 is divided by 20.
15
What is the remainder when 543 is divided by 37?
25
Calculate the remainder when 4124 is divided by 29.
6
Calculate the remainder when 56 is divided by 20.
16
What is the remainder when 926 is divided by 8?
6
Calculate the remainder when 432 is divided by 40.
32
What is the remainder when 34 is divided by 13?
8
Calculate the remainder when 178 is divided by 46.
40
Calculate the remainder when 4114 is divided by 98.
96
Calculate the remainder when 348 is divided by 172.
4
What is the remainder when 83 is divided by 6?
5
Calculate the remainder when 195 is divided by 28.
27
Calculate the remainder when 3006 is divided by 94.
92
Calculate the remainder when 1435 is divided by 709.
17
What is the remainder when 238 is divided by 22?
18
Calculate the remainder when 124 is divided by 99.
25
Calculate the remainder when 1495 is divided by 107.
104
What is the remainder when 619 is divided by 31?
30
Calculate the remainder when 98 is divided by 26.
20
What is the remainder when 136 is divided by 10?
6
Calculate the remainder when 1399 is divided by 201.
193
What is the remainder when 252 is divided by 32?
28
What is the remainder when 10102 is divided by 47?
44
What is the remainder when 75 is divided by 32?
11
Calculate the remainder when 449 is divided by 87.
14
What is the remainder when 164 is divided by 112?
52
Calculate the remainder when 1275 is divided by 8.
3
Calculate the remainder when 2121 is divided by 59.
56
Calculate the remainder when 67 is divided by 19.
10
Calculate the remainder when 53 is divided by 43.
10
Calculate the remainder when 986 is divided by 247.
245
Calculate the remainder when 268 is divided by 25.
18
Calculate the remainder when 2661 is divided by 72.
69
What is the remainder when 2069 is divided by 9?
8
Calculate the remainder when 16932 is divided by 4230.
12
What is the remainder when 30 is divided by 24?
6
What is the remainder when 662 is divided by 220?
2
Calculate the remainder when 1120 is divided by 18.
4
Calculate the remainder when 1005 is divided by 144.
141
Calculate the remainder when 461 is divided by 58.
55
Calculate the remainder when 55 is divided by 45.
10
Calculate the remainder when 1603 is divided by 382.
75
What is the remainder when 122 is divided by 36?
14
What is the remainder when 164 is divided by 41?
0
Calculate the remainder when 460 is divided by 112.
12
Calculate the remainder when 590 is divided by 197.
196
What is the remainder when 554 is divided by 189?
176
What is the remainder when 245 is divided by 19?
17
Calculate the remainder when 9841 is divided by 23.
20
What is the remainder when 378 is divided by 133?
112
Calculate the remainder when 377 is divided by 95.
92
What is the remainder when 621 is divided by 25?
21
Calculate the remainder when 4168 is divided by 38.
26
Calculate the remainder when 313 is divided by 65.
53
Calculate the remainder when 528 is divided by 38.
34
What is the remainder when 88 is divided by 48?
40
Calculate the remainder when 348 is divided by 90.
78
What is the remainder when 419 is divided by 407?
12
What is the remainder when 282 is divided by 257?
25
What is the remainder when 1151 is divided by 119?
80
What is the remainder when 126 is divided by 33?
27
Calculate the remainder when 1168 is divided by 27.
7
What is the remainder when 29 is divided by 8?
5
What is the remainder when 17835 is divided by 223?
218
What is the remainder when 476 is divided by 16?
12
What is the remainder when 319 is divided by 104?
7
What is the remainder when 2837 is divided by 177?
5
What is the remainder when 781 is divided by 71?
0
What is the remainder when 332 is divided by 90?
62
Calculate the remainder when 111 is divided by 52.
7
What is the remainder when 779 is divided by 32?
11
Calculate the remainder when 405 is divided by 32.
21
What is the remainder when 48043 is divided by 15?
13
What is the remainder when 2150 is divided by 8?
6
What is the remainder when 8467 is divided by 154?
151
Calculate the remainder when 957 is divided by 15.
12
Calculate the remainder when 652 is divided by 9.
4
What is the remainder when 209 is divided by 42?
41
Calculate the remainder when 281 is divided by 170.
111
Calculate the remainder when 3187 is divided by 8.
3
Calculate the remainder when 345 is divided by 39.
33
Calculate the remainder when 845 is divided by 228.
161
Calculate the remainder when 897 is divided by 228.
213
Calcula